 - l**3 + n + 4*l - 3 - 1 - 4. Determine s(4).
10
Let k(w) = -1 + 6 - 2 - 6 - w + w**2. What is k(0)?
-3
Let s(a) be the second derivative of a**4/12 - a**3 + a**2 - 10*a. Calculate s(6).
2
Let y be (14/42)/(1/9). Let o(r) be the first derivative of -3/2*r**2 - 1 + y*r. What is o(2)?
-3
Let a(h) = -h**3 + 6*h**2 - 4*h - 5. Suppose -5*o - 93 = -118. Calculate a(o).
0
Let s(l) = l**3 + 5*l**2 - 2*l - 4. Let k(f) = -5 - 7*f**2 + f**3 + 0*f + 0*f. Let i be k(7). Give s(i).
6
Suppose 2*z - 3 = -7. Let x(y) be the third derivative of -y**4/24 - y**3/6 + y**2 - 174. Determine x(z).
1
Let g be 19/(-2) - 2/(-4). Let q(o) = -o - 8. Let m be q(g). Let a(f) = -f**3 - m + f**2 + 3 + 1. Give a(0).
3
Let m(j) = -j**3 + 6 + 7*j**2 - j**2 - 15 + 5*j + 3*j. What is m(7)?
-2
Let h(u) = u**3 - 2*u**2 - u. Let t(q) = 2*q**2. Let v be t(1). Let j be 3/(v/((-6)/(-3))). Determine h(j).
6
Let n(u) be the third derivative of u**5/60 - u**4/12 - u**3/3 - 4*u**2. Let f(h) = -h**2 + 7*h - 7. Let a be f(5). Give n(a).
1
Let q(z) = z**3 + z**2 - z + 1. Suppose 2*c - 8 = -0*c. Let s = c - 6. What is q(s)?
-1
Suppose 1 + 4 = -c. Let b = c + 4. Let a(l) = -7*l + 1. Calculate a(b).
8
Let y = 6 - 4. Suppose -d - 2 = 0, y*w = -w - d + 10. Suppose -5*z - 3*f = -4*z - 13, w*z - 17 = -5*f. Let l(q) = -2*q**3 - 3*q**2 - 2*q - 1. Give l(z).
7
Suppose -5*j + 4*j + 1 = 0. Let v be (j + -1 - 1) + 6. Let s(x) = 2*x - 1. Give s(v).
9
Let c(r) be the first derivative of -r**2 + 0*r - 2 - 2*r + r + 0*r. Let f be c(-1). Let i(t) = 8*t + 1. What is i(f)?
9
Let a(w) be the first derivative of -4 - 3*w + w**3 - 3/2*w**2 + 1/4*w**4. Determine a(-4).
-7
Let a = 2 + -1. Suppose -d - a = -3. Let r(j) = 3*j - d*j - 2*j. Determine r(4).
-4
Let x(f) = -f + 1. Let v(u) = -u**2 + 4*u - 6. Let s be v(5). Let h = 9 + 8. Let d = h + s. What is x(d)?
-5
Let i(h) = -4*h**2 + 6*h + 8. Let v(j) = -7*j**2 + 11*j + 16. Let c(d) = 5*i(d) - 3*v(d). Give c(6).
10
Let r(m) = -m - 1. Let w(c) = 2*c + 2. Let f(h) = -3*r(h) - w(h). Let q(i) = i**3 + 8*i**2 + i + 10. Let g be q(-8). Suppose 0*j + 6 = -g*j. What is f(j)?
-2
Let b(g) be the first derivative of 5 + 0*g**2 - g**2 + 3*g**2 + 2*g + 0*g**2. What is b(-4)?
-14
Let o = -199 - -195. Let d(a) = -a**3 - 4*a**2 + 2*a + 4. Determine d(o).
-4
Let k(a) = 2*a**2 + 6*a + 2. Let c(o) = -o - 19. Let p be c(-15). Determine k(p).
10
Let x(j) be the third derivative of -j**5/60 + j**4/8 + j**3/6 - j**2. Determine x(3).
1
Let t(p) = p**2 + 4*p + 6. Let f(y) = y + 5. Suppose -4*d = 22 - 6. Let o be f(d). Let i be (3 - o)*(-40)/16. What is t(i)?
11
Let s(w) = -2*w**2 - 4*w - 2. Let y be (-1 - 0) + 2 - -17. Let t = 27 - y. Let d(a) = a**2 - 9*a - 2. Let u be d(t). Determine s(u).
-2
Suppose -4*k = -0*k. Let g(f) = 1 + 0 + k*f - f + 3. What is g(0)?
4
Let q = 7 + -6. Let b(a) be the third derivative of -1/12*a**4 - a**2 + 0*a**5 + 0*a + 0 + 1/6*a**3 - 1/15*a**6. Calculate b(q).
-9
Let h(u) = u**2 + 4*u - 3. Suppose -23 + 17 = l. What is h(l)?
9
Let o(j) be the second derivative of j**5/20 - j**3/3 + j**2/2 - 3*j. Suppose q + 0*q = 0. Let s = q + -2. Determine o(s).
-3
Suppose c + 22 - 8 = -2*r, 5*r = -15. Let q be (-2)/c*6*-4. Let s(k) = -1 - 150*k + 2*k**2 + 157*k - k**2. What is s(q)?
-7
Let o be -1*0/(-2) - 0. Let w = 1 - -2. Let a(b) = b + 10 - w + o. What is a(0)?
7
Suppose 9 - 12 = 3*i. Let m(n) = -2*n**3 + n**2 + n. Give m(i).
2
Let b(w) = -2*w + 5. Suppose 0 = -25*d - 6 + 106. Determine b(d).
-3
Let h(g) = g**2 - 7*g**3 + 5*g**3 + 2*g + 1 + 0. Let z(n) = -4*n + 2. Let c be z(3). Let y be (-4)/c - (-14)/(-10). Give h(y).
2
Let f = 5 - 4. Let u = f + -7. Let c = -8 - u. Let l(w) = 2*w**2 + 2*w - 2. Calculate l(c).
2
Let i(b) = 16*b. Let r(x) = 3*x. Let z(n) = -5*i(n) + 28*r(n). Let d(a) = a + 8. Let p be d(-4). Suppose -s + 3 = p. Calculate z(s).
-4
Let r(c) = -4*c + 9. Let a be (-12)/(-3) + 2*(1 - 0). Calculate r(a).
-15
Let s(f) = -f - 3. Suppose -o + 5*o - 32 = 0. Suppose t + o = -3*t. What is s(t)?
-1
Let z(l) be the third derivative of -l**5/60 + l**4/12 - l**3/3 - l**2. Let q be -2*(4 - 3) - -4. Give z(q).
-2
Let r(w) = w - 4. Suppose -c + 1 - 9 = 0. Suppose -5*x = -50 + 10. Let f be (-30)/c + 2/x. Calculate r(f).
0
Let x(n) = -5*n**2 - 5 + 7 + 0*n + 2*n + 10*n**2 - n**3. Calculate x(5).
12
Let m = 138 - 137. Let f(i) = -27*i**3 + 15*i**2 + 9*i - 11. Let t(d) = -14*d**3 + 8*d**2 + 5*d - 6. Let w(y) = 6*f(y) - 11*t(y). What is w(m)?
-7
Let o(g) = -3*g**2 - 2 + 3*g - 7*g + 0*g. What is o(-2)?
-6
Let q(a) = -a - 1. Let i be q(-7). Let y(r) = r**3 - 1 + 3*r + 2 + 3*r**2 - i*r. What is y(-3)?
10
Let i(q) = -2*q + 6. Let r be i(6). Let g(m) = -m - 3. Let h be g(r). Let p(o) = o**3 - 3*o**2. Give p(h).
0
Let w(j) be the third derivative of j**8/20160 + j**7/630 + j**6/90 - j**5/30 - 4*j**2. Let u(d) be the third derivative of w(d). Calculate u(-6).
-4
Let u(m) = m**3 + 5*m**2 + 3*m + 4. Suppose -4*d = 5*r - 84, d - 17 = -6*r + 5*r. Let w = 12 - r. What is u(w)?
8
Let p(m) = 14*m**2 + 2*m**2 - 15*m**2. Give p(-3).
9
Let j(c) = -c**3 + 6*c**2 - 4*c - 6. Let s be j(5). Let n(w) = w + 6. Let f be n(-5). Let m(r) = 2*r - 4*r - f + 4*r - 5*r. Calculate m(s).
2
Let c(x) = -5*x**3 - x**2 + 7*x + 13. Let y(j) = -2*j**3 - j**2 + 3*j + 6. Let w(d) = 3*c(d) - 7*y(d). Determine w(4).
-3
Let c(s) be the third derivative of 2/3*s**3 + 0*s + 1/24*s**4 - 3*s**2 + 0. Suppose 4*g - 3*x + 11 = -g, 0 = -2*g + 5*x + 7. Determine c(g).
0
Let o(z) = z**3 + 3*z**2 + z + 1. Suppose -2*c - d = c + 16, -4*c - 36 = 5*d. What is o(c)?
-19
Suppose 7*l = -2*l - 54. Let h(a) = a**3 + 7*a**2 + 7*a + 7. Calculate h(l).
1
Let m(g) be the first derivative of -g**2/2 - g + 21. Give m(6).
-7
Let g be (115/92)/(2/8). Let c(j) = -j**2 + 8*j - 5. What is c(g)?
10
Let w = 2 - -3. Let n(s) = -18*s**2 - 8*s + 3. Let c(g) = -12*g**2 - 5*g + 2. Let b(x) = w*n(x) - 8*c(x). What is b(1)?
5
Let w = 4 - 4. Let b(x) = -9*x + 23. Let a(v) = 5*v - 12. Let u(g) = 7*a(g) + 4*b(g). Calculate u(w).
8
Suppose 5*f - 40 = 3*r, 5*f - 1 = 2*r + 34. Let a(n) = -n**3 - 5*n**2 + 3. Calculate a(r).
3
Let r(y) = -y - 7. Let f be 28/(-7) - (2 + 0). What is r(f)?
-1
Let s(c) = c**3 + 4*c**2 - 2*c - 5. Let h be s(-4). Suppose b + 3*b + 3*f + 21 = 0, -5*f - h = -4*b. Let a(u) = u**3 + 4*u**2 - 2*u - 3. Calculate a(b).
12
Let x(c) be the first derivative of -2*c**3/3 - 3*c**2/2 - 2*c + 1. Let b be (7/3)/(1/6). Suppose 3*l = 3*s - s - b, -3*s + 18 = -3*l. Calculate x(l).
-4
Let l(n) = -n + 2. Let i = -10 - -14. Let p be l(i). Let f(v) = 17*v**2 + 2*v + 7. Let h(m) = 9*m**2 + m + 4. Let b(g) = -6*f(g) + 11*h(g). Give b(p).
-8
Suppose 14 + 6 = -5*k. Suppose 5*p = 12 + 3. Let h(x) = -x - 2. Let v(u) = -2*u - 3. Let w(n) = p*v(n) - 7*h(n). Determine w(k).
1
Suppose -l = l - 14. Let w(m) = 11*m + 10. Let y(q) = -7*q - 7. Let f(h) = l*y(h) + 5*w(h). Calculate f(-1).
-5
Let x(y) = -y**3 - 5*y**2 + y + 3. Let a(m) = -2*m**3 - 5*m**2 + 3. Let b(t) = 2*a(t) - 3*x(t). Calculate b(3).
6
Let o = -16 + 17. Let g(q) = q**2 - q + 1. What is g(o)?
1
Let n(f) = -f**3 + 7*f**2 - 4*f - 3. Let m be n(6). Suppose 1 - m = -4*j. Let i(p) = -p**3 + 2*p**2 + p - 6 - p**j + 9. What is i(0)?
3
Let s(p) = -2*p**2 - 3*p - 2. Let z(v) = -6*v**2 - 8*v - 6. Let m(t) = 11*s(t) - 4*z(t). Calculate m(2).
8
Let u = 13 - 11. Let s(h) = -2*h**2 + 2*h - 2. Determine s(u).
-6
Let x(p) = 6*p**2. Let h = -3 - -5. Let r be 1 + 0/h + -2. Let n be x(r). Let a(y) = -y**2 + 5*y + 5. Give a(n).
-1
Let z(a) be the first derivative of a**3/3 + 3*a**2 + 7*a - 1. Let b be z(-5). Let c(s) = -2*s - 6 - s**b - 3*s - 2*s. Give c(-4).
6
Let p(y) = -y**3 + 6*y**2 - 1. Suppose 0 = -5*w + 10, -q + 4 = 2*w - 6. Determine p(q).
-1
Let y(f) = -f**3 + 11*f**2 - 10*f + 6. Let d(a) = 2*a**2 - 18*a - 10. Let n be d(10). Give y(n).
6
Let t(m) = -3*m**2 + 7*m**2 + 50*m - 50*m. Suppose c + 3 = 2. Give t(c).
4
Let f(c) = c**2 + c - 1. Let j(l) = -6*l**2 - 10*l - 2. Let w = -4 + 5. Let h(p) = w*j(p) + 5*f(p). Let s be (-10)/4*(1 - -1). Give h(s).
-7
Let l(m) be the third derivative of -m**6/120 - m**5/30 + m**4/8 + m**3/3 + 5*m**2. Calculate l(-3).
2
Suppose 4*r = h + 8, -h + 0*r = 3*r - 13. Let f be 6 - (2 - -1) - -1. Let a(w) = -h*w**3 + w**3 + 6*w**2 - f*w + 2*w**3 - 7. Determine a(5).
-2
Let c = 9 + -7. Suppose 